{"id":38,"date":"2024-04-30T15:39:48","date_gmt":"2024-04-30T15:39:48","guid":{"rendered":"https:\/\/fr.bedbugfoundation.org\/?page_id=38"},"modified":"2024-05-01T09:44:20","modified_gmt":"2024-05-01T09:44:20","slug":"help","status":"publish","type":"page","link":"https:\/\/fr.bedbugfoundation.org\/?page_id=38","title":{"rendered":"Help"},"content":{"rendered":"\n<p>Pour savoir comment devenir une \u00e9quipe de d\u00e9tection des odeurs certifi\u00e9e, suivez le tutoriel li\u00e9 ici :\u00a0<a href=\"https:\/\/www.bedbugfoundation.org\/fr\/help\/how-to-become-a-certified-team\/\">https:\/\/www.bedbugfoundation.org\/help\/how-to-become-a-certified-team\/<\/a><\/p>\n\n\n\n<div class=\"wp-block-buttons is-horizontal is-content-justification-center is-layout-flex wp-container-core-buttons-is-layout-499968f5 wp-block-buttons-is-layout-flex\">\n<div class=\"wp-block-button has-custom-font-size is-style-outline has-medium-font-size is-style-outline--1\"><a class=\"wp-block-button__link has-black-color has-text-color has-background wp-element-button\" href=\"https:\/\/www.bedbugfoundation.org\/help\/how-to-become-a-certified-team\/\" style=\"background-color:#3db8ff\">Comment devenir une \u00e9quipe certifi\u00e9e<\/a><\/div>\n<\/div>\n\n\n\n<p class=\"has-text-align-center\"><strong>Les \u00e9l\u00e9ments suivants sont r\u00e9serv\u00e9s aux \u00e9valuateurs<\/strong><\/p>\n\n\n\n<p>Pour savoir comment utiliser ce site pour certifier une \u00e9quipe ou ajuster la traduction des pages du site, veuillez suivre ces liens :<\/p>\n\n\n\n<div class=\"wp-block-buttons is-horizontal is-content-justification-center is-layout-flex wp-container-core-buttons-is-layout-499968f5 wp-block-buttons-is-layout-flex\">\n<div class=\"wp-block-button is-style-outline is-style-outline--2\"><a class=\"wp-block-button__link has-background wp-element-button\" href=\"https:\/\/www.bedbugfoundation.org\/help\/how-to-certify-a-scent-detection-team-assessor\/\" style=\"background-color:#ffc933\">Comment certifier une \u00e9quipe<\/a><\/div>\n\n\n\n<div class=\"wp-block-button is-style-outline is-style-outline--3\"><a class=\"wp-block-button__link has-black-color has-text-color has-background wp-element-button\" href=\"https:\/\/www.bedbugfoundation.org\/help\/how-to-edit-translations\/\" style=\"background-color:#ffc933\">Comment modifier les traductions<\/a><\/div>\n<\/div>\n\n\n\n<p>For information about email creation and setup follow the link below:<\/p>\n\n\n\n<div class=\"wp-block-buttons is-horizontal is-content-justification-center is-layout-flex wp-container-core-buttons-is-layout-499968f5 wp-block-buttons-is-layout-flex\">\n<div class=\"wp-block-button is-style-outline is-style-outline--4\"><a class=\"wp-block-button__link has-black-color has-text-color has-background has-link-color wp-element-button\" href=\"https:\/\/www.bedbugfoundation.org\/help\/email-account-creation-and-setup\/\" style=\"background-color:#ffc933\">Email Creation and Setup<\/a><\/div>\n<\/div>\n\n\n\n<p>Pour plus d&rsquo;informations sur la gestion des \u00e9v\u00e9nements de certification \u00e0 venir ainsi que sur la liaison de votre calendrier num\u00e9rique \u00e0 l&rsquo;agenda des \u00e9v\u00e9nements, veuillez suivre ces liens :<\/p>\n\n\n\n<div class=\"wp-block-buttons is-horizontal is-content-justification-center is-layout-flex wp-container-core-buttons-is-layout-499968f5 wp-block-buttons-is-layout-flex\">\n<div class=\"wp-block-button is-style-outline is-style-outline--5\"><a class=\"wp-block-button__link has-background wp-element-button\" href=\"https:\/\/www.bedbugfoundation.org\/help\/event-managment-explained\/\" style=\"background-color:#ffc933\">Gestion des \u00e9v\u00e9nements<\/a><\/div>\n\n\n\n<div class=\"wp-block-button is-style-outline is-style-outline--6\"><a class=\"wp-block-button__link has-background wp-element-button\" href=\"https:\/\/www.bedbugfoundation.org\/help\/connect-to-the-event-calendar\/\" style=\"background-color:#ffc933\">Se connecter au calendrier des \u00e9v\u00e9nements<\/a><\/div>\n<\/div>\n\n\n\n<p>Si vous avez d&rsquo;autres questions ou probl\u00e8mes, n&rsquo;h\u00e9sitez pas \u00e0 nous envoyer un courriel \u00e0 l&rsquo;adresse suivante&nbsp;<a href=\"https:\/\/www.bedbugfoundation.org\/fr\/help@bedbugfoundation.org\/\">help@bedbugfoundation.org<\/a>.<\/p>\n","protected":false},"excerpt":{"rendered":"<p>Pour savoir comment devenir une \u00e9quipe de d\u00e9tection des odeurs certifi\u00e9e, suivez le tutoriel li\u00e9 ici :\u00a0https:\/\/www.bedbugfoundation.org\/help\/how-to-become-a-certified-team\/ Les \u00e9l\u00e9ments suivants sont r\u00e9serv\u00e9s aux \u00e9valuateurs Pour savoir comment utiliser ce site pour certifier une \u00e9quipe ou ajuster la traduction des pages &hellip; <a href=\"https:\/\/fr.bedbugfoundation.org\/?page_id=38\">Continuer la lecture <span class=\"meta-nav\">&rarr;<\/span><\/a><\/p>\n","protected":false},"author":1,"featured_media":0,"parent":0,"menu_order":0,"comment_status":"closed","ping_status":"closed","template":"","meta":{"footnotes":""},"class_list":["post-38","page","type-page","status-publish","hentry"],"_links":{"self":[{"href":"https:\/\/fr.bedbugfoundation.org\/index.php?rest_route=\/wp\/v2\/pages\/38","targetHints":{"allow":["GET"]}}],"collection":[{"href":"https:\/\/fr.bedbugfoundation.org\/index.php?rest_route=\/wp\/v2\/pages"}],"about":[{"href":"https:\/\/fr.bedbugfoundation.org\/index.php?rest_route=\/wp\/v2\/types\/page"}],"author":[{"embeddable":true,"href":"https:\/\/fr.bedbugfoundation.org\/index.php?rest_route=\/wp\/v2\/users\/1"}],"replies":[{"embeddable":true,"href":"https:\/\/fr.bedbugfoundation.org\/index.php?rest_route=%2Fwp%2Fv2%2Fcomments&post=38"}],"version-history":[{"count":4,"href":"https:\/\/fr.bedbugfoundation.org\/index.php?rest_route=\/wp\/v2\/pages\/38\/revisions"}],"predecessor-version":[{"id":63,"href":"https:\/\/fr.bedbugfoundation.org\/index.php?rest_route=\/wp\/v2\/pages\/38\/revisions\/63"}],"wp:attachment":[{"href":"https:\/\/fr.bedbugfoundation.org\/index.php?rest_route=%2Fwp%2Fv2%2Fmedia&parent=38"}],"curies":[{"name":"wp","href":"https:\/\/api.w.org\/{rel}","templated":true}]}}